{"id":462,"date":"2023-03-26T19:44:12","date_gmt":"2023-03-26T19:44:12","guid":{"rendered":"https:\/\/nyborg-landsbyraad.dk\/?page_id=462"},"modified":"2026-03-29T08:36:18","modified_gmt":"2026-03-29T08:36:18","slug":"aarsmoede","status":"publish","type":"page","link":"https:\/\/nyborg-landsbyraad.dk\/?page_id=462","title":{"rendered":"\u00c5rsm\u00f8de"},"content":{"rendered":"\n<p class=\"wp-block-paragraph\"><\/p>\n\n\n\n<p class=\"wp-block-paragraph\">\u00c5rsm\u00f8der afholdes hvert for\u00e5r. \u00c5bent for alle kommunens borgere. Tilstr\u00e6bes opl\u00e6g fra udvalgte politikere. Skabe en generel debat om visioner\/m\u00e5l for landdistriktspolitikken i kommunen.<\/p>\n\n\n\n<p class=\"wp-block-paragraph\"><strong>2019<\/strong><\/p>\n\n\n\n<p class=\"wp-block-paragraph\"> <a href=\"https:\/\/nyborg-landsbyraad.dk\/wp-content\/uploads\/2024\/11\/Aarsmoede-Oerbaek-midtpunkt-d.-30.3.2019.pdf\" data-type=\"attachment\" data-id=\"1251\">\u00c5rsm\u00f8de \u00d8rb\u00e6k midtpunkt d. 30.3.2019<\/a><\/p>\n\n\n\n<p class=\"wp-block-paragraph\"><strong>2022<\/strong><\/p>\n\n\n\n<p class=\"wp-block-paragraph\"><a href=\"https:\/\/nyborg-landsbyraad.dk\/wp-content\/uploads\/2023\/04\/Referat-Aarsmoede-02.04.2022.pdf\" data-type=\"attachment\" data-id=\"687\">Referat \u00c5rsm\u00f8de &#8211; 02.04.2022<\/a><\/p>\n\n\n\n<p class=\"wp-block-paragraph\"><strong>2023<\/strong><\/p>\n\n\n\n<p class=\"wp-block-paragraph\"><a href=\"https:\/\/nyborg-landsbyraad.dk\/wp-content\/uploads\/2023\/04\/Referat-Aarsmoede-\u2013-01.04.2023.pdf\" data-type=\"attachment\" data-id=\"777\">Referat \u00c5rsm\u00f8de \u2013 01.04.2023<\/a><br><a href=\"https:\/\/nyborg-landsbyraad.dk\/wp-content\/uploads\/2023\/04\/Praesentation-af-Civilsamfundsstrategien-Aarsmoede-\u2013-01.04.2023.pdf\" data-type=\"attachment\" data-id=\"776\">Pr\u00e6sentation af Civilsamfundsstrategien &#8211; \u00c5rsm\u00f8de \u2013 01.04.2023<\/a><br><a href=\"https:\/\/nyborg-landsbyraad.dk\/wp-content\/uploads\/2023\/04\/Nordisk-Guld-Aarsmoede-\u2013-01.04.2023.pdf\" data-type=\"attachment\" data-id=\"775\">Nordisk Guld &#8211; \u00c5rsm\u00f8de \u2013 01.04.2023<\/a><br><a href=\"https:\/\/nyborg-landsbyraad.dk\/wp-content\/uploads\/2023\/04\/Billede1-Aarsmoede-\u2013-01.04.2023-rotated.jpg\" data-type=\"attachment\" data-id=\"809\">Billede1 \u00c5rsm\u00f8de \u2013 01.04.2023<\/a><br><a href=\"https:\/\/nyborg-landsbyraad.dk\/wp-content\/uploads\/2023\/04\/Billede2-Aarsmoede-\u2013-01.04.2023-rotated.jpg\" data-type=\"attachment\" data-id=\"810\">Billede2 \u00c5rsm\u00f8de \u2013 01.04.2023<\/a><br><a href=\"https:\/\/nyborg-landsbyraad.dk\/wp-content\/uploads\/2023\/04\/Video-Aarsmoede-\u2013-01.04.2023.mov\" data-type=\"attachment\" data-id=\"811\">Video \u00c5rsm\u00f8de \u2013 01.04.2023<\/a><\/p>\n\n\n\n<p class=\"wp-block-paragraph\"><strong>2024<\/strong><\/p>\n\n\n\n<p class=\"wp-block-paragraph\"><a href=\"https:\/\/nyborg-landsbyraad.dk\/wp-content\/uploads\/2024\/04\/Referat-fra-Aarsmoede-13.-april-2024.pdf\" data-type=\"attachment\" data-id=\"1086\">Referat \u00c5rsm\u00f8de &#8211; 13.04.2024<\/a><br><a href=\"https:\/\/nyborg-landsbyraad.dk\/wp-content\/uploads\/2024\/04\/Foredrag-Hvad-kan-I-bruge-Kulturarvsmasterplanen-for-Landdistrikter-og-Centerbyer-til-13-04-2024.pdf\" data-type=\"attachment\" data-id=\"1090\">Foredrag Hvad kan I bruge Kulturarvsmasterplanen for Landdistrikter og Centerbyer til \u2013 13-04-2024<\/a><\/p>\n\n\n\n<p class=\"wp-block-paragraph\"><br><a href=\"https:\/\/nyborg-landsbyraad.dk\/wp-content\/uploads\/2024\/05\/Bitten-Jakobsen-planstrategi-og-Kommuneplan-2025.pdf\" data-type=\"attachment\" data-id=\"1096\">Bitten Jakobsen planstrategi og Kommuneplan 2025<\/a><\/p>\n\n\n\n<p class=\"wp-block-paragraph\"><strong>2025<\/strong><\/p>\n\n\n\n<p class=\"wp-block-paragraph\">\u00c5rsm\u00f8de Svindinge Forsamlingshus 31\/3 &#8211; 2025 .<br> <a href=\"https:\/\/nyborg-landsbyraad.dk\/wp-content\/uploads\/2025\/03\/Faerdig-dagsorden-til-Aarsmoedet-3103.pdf\" data-type=\"attachment\" data-id=\"1374\">F\u00e6rdig dagsorden til \u00c5rsm\u00f8det 3103<\/a><a href=\"https:\/\/nyborg-landsbyraad.dk\/wp-content\/uploads\/2025\/05\/referat-aarsmoede-2025.docx\" data-type=\"attachment\" data-id=\"1386\"> <\/a><\/p>\n\n\n\n<p class=\"wp-block-paragraph\"><a href=\"https:\/\/nyborg-landsbyraad.dk\/wp-content\/uploads\/2025\/05\/referat-aarsmoede-2025.docx\" data-type=\"attachment\" data-id=\"1386\"> <\/a><a href=\"https:\/\/nyborg-landsbyraad.dk\/wp-content\/uploads\/2025\/05\/Nyt-referat-fra-aarsmoede.docx\" data-type=\"attachment\" data-id=\"1395\">Nyt referat fra \u00e5rsm\u00f8de<\/a> 2025<\/p>\n\n\n\n<p class=\"wp-block-paragraph\"><strong>2026<\/strong><\/p>\n\n\n\n<p class=\"wp-block-paragraph\">\u00c5rsm\u00f8de Refsvindinge Forsamlingshus 26 Marts kl. 19      <a href=\"https:\/\/nyborg-landsbyraad.dk\/wp-content\/uploads\/2026\/03\/FLR-Referat-aarsmoede-26.-marts-2026.pdf\" data-type=\"attachment\" data-id=\"1512\">FLR \u2013 Referat \u00e5rsm\u00f8de 26. marts 2026<\/a><\/p>\n\n\n\n<p class=\"wp-block-paragraph\"><\/p>\n","protected":false},"excerpt":{"rendered":"<p>\u00c5rsm\u00f8der afholdes hvert for\u00e5r. \u00c5bent for alle kommunens borgere. Tilstr\u00e6bes opl\u00e6g fra udvalgte politikere. Skabe en generel debat om visioner\/m\u00e5l for landdistriktspolitikken i kommunen. 2019 \u00c5rsm\u00f8de \u00d8rb\u00e6k midtpunkt d. 30.3.2019 2022 Referat \u00c5rsm\u00f8de &#8211; 02.04.2022 2023 Referat \u00c5rsm\u00f8de \u2013 01.04.2023Pr\u00e6sentation af Civilsamfundsstrategien &#8211; \u00c5rsm\u00f8de \u2013 01.04.2023Nordisk Guld &#8211; \u00c5rsm\u00f8de \u2013 01.04.2023Billede1 \u00c5rsm\u00f8de \u2013 01.04.2023Billede2 \u00c5rsm\u00f8de&hellip;&nbsp;<a href=\"https:\/\/nyborg-landsbyraad.dk\/?page_id=462\" rel=\"bookmark\">L\u00e6s mere &raquo;<span class=\"screen-reader-text\">\u00c5rsm\u00f8de<\/span><\/a><\/p>\n","protected":false},"author":1,"featured_media":0,"parent":0,"menu_order":0,"comment_status":"closed","ping_status":"closed","template":"","meta":{"inline_featured_image":false,"neve_meta_sidebar":"","neve_meta_container":"","neve_meta_enable_content_width":"","neve_meta_content_width":0,"neve_meta_title_alignment":"","neve_meta_author_avatar":"","neve_post_elements_order":"","neve_meta_disable_header":"","neve_meta_disable_footer":"","neve_meta_disable_title":"","footnotes":""},"class_list":["post-462","page","type-page","status-publish","hentry"],"_links":{"self":[{"href":"https:\/\/nyborg-landsbyraad.dk\/index.php?rest_route=\/wp\/v2\/pages\/462","targetHints":{"allow":["GET"]}}],"collection":[{"href":"https:\/\/nyborg-landsbyraad.dk\/index.php?rest_route=\/wp\/v2\/pages"}],"about":[{"href":"https:\/\/nyborg-landsbyraad.dk\/index.php?rest_route=\/wp\/v2\/types\/page"}],"author":[{"embeddable":true,"href":"https:\/\/nyborg-landsbyraad.dk\/index.php?rest_route=\/wp\/v2\/users\/1"}],"replies":[{"embeddable":true,"href":"https:\/\/nyborg-landsbyraad.dk\/index.php?rest_route=%2Fwp%2Fv2%2Fcomments&post=462"}],"version-history":[{"count":37,"href":"https:\/\/nyborg-landsbyraad.dk\/index.php?rest_route=\/wp\/v2\/pages\/462\/revisions"}],"predecessor-version":[{"id":1513,"href":"https:\/\/nyborg-landsbyraad.dk\/index.php?rest_route=\/wp\/v2\/pages\/462\/revisions\/1513"}],"wp:attachment":[{"href":"https:\/\/nyborg-landsbyraad.dk\/index.php?rest_route=%2Fwp%2Fv2%2Fmedia&parent=462"}],"curies":[{"name":"wp","href":"https:\/\/api.w.org\/{rel}","templated":true}]}}

Årsmøde

<p class="wp-block-paragraph"></p>



<p class="wp-block-paragraph">Årsmøder afholdes hvert forår. Åbent for alle kommunens borgere. Tilstræbes oplæg fra udvalgte politikere. Skabe en generel debat om visioner/mål for landdistriktspolitikken i kommunen.</p>



<p class="wp-block-paragraph"><strong>2019</strong></p>



<p class="wp-block-paragraph"> <a href="https://nyborg-landsbyraad.dk/wp-content/uploads/2024/11/Aarsmoede-Oerbaek-midtpunkt-d.-30.3.2019.pdf" data-type="attachment" data-id="1251">Årsmøde Ørbæk midtpunkt d. 30.3.2019</a></p>



<p class="wp-block-paragraph"><strong>2022</strong></p>



<p class="wp-block-paragraph"><a href="https://nyborg-landsbyraad.dk/wp-content/uploads/2023/04/Referat-Aarsmoede-02.04.2022.pdf" data-type="attachment" data-id="687">Referat Årsmøde &#8211; 02.04.2022</a></p>



<p class="wp-block-paragraph"><strong>2023</strong></p>



<p class="wp-block-paragraph"><a href="https://nyborg-landsbyraad.dk/wp-content/uploads/2023/04/Referat-Aarsmoede-–-01.04.2023.pdf" data-type="attachment" data-id="777">Referat Årsmøde – 01.04.2023</a><br><a href="https://nyborg-landsbyraad.dk/wp-content/uploads/2023/04/Praesentation-af-Civilsamfundsstrategien-Aarsmoede-–-01.04.2023.pdf" data-type="attachment" data-id="776">Præsentation af Civilsamfundsstrategien &#8211; Årsmøde – 01.04.2023</a><br><a href="https://nyborg-landsbyraad.dk/wp-content/uploads/2023/04/Nordisk-Guld-Aarsmoede-–-01.04.2023.pdf" data-type="attachment" data-id="775">Nordisk Guld &#8211; Årsmøde – 01.04.2023</a><br><a href="https://nyborg-landsbyraad.dk/wp-content/uploads/2023/04/Billede1-Aarsmoede-–-01.04.2023-rotated.jpg" data-type="attachment" data-id="809">Billede1 Årsmøde – 01.04.2023</a><br><a href="https://nyborg-landsbyraad.dk/wp-content/uploads/2023/04/Billede2-Aarsmoede-–-01.04.2023-rotated.jpg" data-type="attachment" data-id="810">Billede2 Årsmøde – 01.04.2023</a><br><a href="https://nyborg-landsbyraad.dk/wp-content/uploads/2023/04/Video-Aarsmoede-–-01.04.2023.mov" data-type="attachment" data-id="811">Video Årsmøde – 01.04.2023</a></p>



<p class="wp-block-paragraph"><strong>2024</strong></p>



<p class="wp-block-paragraph"><a href="https://nyborg-landsbyraad.dk/wp-content/uploads/2024/04/Referat-fra-Aarsmoede-13.-april-2024.pdf" data-type="attachment" data-id="1086">Referat Årsmøde &#8211; 13.04.2024</a><br><a href="https://nyborg-landsbyraad.dk/wp-content/uploads/2024/04/Foredrag-Hvad-kan-I-bruge-Kulturarvsmasterplanen-for-Landdistrikter-og-Centerbyer-til-13-04-2024.pdf" data-type="attachment" data-id="1090">Foredrag Hvad kan I bruge Kulturarvsmasterplanen for Landdistrikter og Centerbyer til – 13-04-2024</a></p>



<p class="wp-block-paragraph"><br><a href="https://nyborg-landsbyraad.dk/wp-content/uploads/2024/05/Bitten-Jakobsen-planstrategi-og-Kommuneplan-2025.pdf" data-type="attachment" data-id="1096">Bitten Jakobsen planstrategi og Kommuneplan 2025</a></p>



<p class="wp-block-paragraph"><strong>2025</strong></p>



<p class="wp-block-paragraph">Årsmøde Svindinge Forsamlingshus 31/3 &#8211; 2025 .<br> <a href="https://nyborg-landsbyraad.dk/wp-content/uploads/2025/03/Faerdig-dagsorden-til-Aarsmoedet-3103.pdf" data-type="attachment" data-id="1374">Færdig dagsorden til Årsmødet 3103</a><a href="https://nyborg-landsbyraad.dk/wp-content/uploads/2025/05/referat-aarsmoede-2025.docx" data-type="attachment" data-id="1386"> </a></p>



<p class="wp-block-paragraph"><a href="https://nyborg-landsbyraad.dk/wp-content/uploads/2025/05/referat-aarsmoede-2025.docx" data-type="attachment" data-id="1386"> </a><a href="https://nyborg-landsbyraad.dk/wp-content/uploads/2025/05/Nyt-referat-fra-aarsmoede.docx" data-type="attachment" data-id="1395">Nyt referat fra årsmøde</a> 2025</p>



<p class="wp-block-paragraph"><strong>2026</strong></p>



<p class="wp-block-paragraph">Årsmøde Refsvindinge Forsamlingshus 26 Marts kl. 19      <a href="https://nyborg-landsbyraad.dk/wp-content/uploads/2026/03/FLR-Referat-aarsmoede-26.-marts-2026.pdf" data-type="attachment" data-id="1512">FLR – Referat årsmøde 26. marts 2026</a></p>



<p class="wp-block-paragraph"></p>

<p>Årsmøder afholdes hvert forår. Åbent for alle kommunens borgere. Tilstræbes oplæg fra udvalgte politikere. Skabe en generel debat om visioner/mål for landdistriktspolitikken i kommunen. 2019 Årsmøde Ørbæk midtpunkt d. 30.3.2019 2022 Referat Årsmøde &#8211; 02.04.2022 2023 Referat Årsmøde – 01.04.2023Præsentation af Civilsamfundsstrategien &#8211; Årsmøde – 01.04.2023Nordisk Guld &#8211; Årsmøde – 01.04.2023Billede1 Årsmøde – 01.04.2023Billede2 Årsmøde&hellip;&nbsp;<a href="https://nyborg-landsbyraad.dk/?page_id=462" rel="bookmark">Læs mere &raquo;<span class="screen-reader-text">Årsmøde</span></a></p>
